 498/2324. What is the greatest common divisor of 63 and j?
21
Suppose 3*y - 3*n - 24 = -0*y, -3*n - 4 = 2*y. Suppose -24 + 8 = -2*u - 2*k, -4*u + y*k + 40 = 0. What is the greatest common factor of u and 9?
9
Let u be 969/6 + 5 + (-3)/(-2). Calculate the highest common divisor of 48 and u.
24
Let m(v) = 2*v - 39. Let d be m(16). Let g(a) = -a - 3*a + 5*a + 9. Let f be g(d). Calculate the greatest common divisor of f and 1.
1
Suppose 507 = -13*v + 16*v + 4*a, -3*v + 489 = -2*a. Calculate the greatest common factor of 15 and v.
15
Let p be (-8)/32 + (2 - 14/8). Suppose p = r - 73 - 7. What is the greatest common factor of 16 and r?
16
Suppose 5*d = -2*m + 88 - 72, d = 0. Calculate the greatest common factor of m and 92.
4
Let p(d) = -d - 1. Let r be p(-4). Let c(z) = z + 3. Let a be c(r). Calculate the highest common divisor of 18 and a.
6
Let c = -499 + 1145. Calculate the highest common factor of 76 and c.
38
Suppose -7*l = -304 + 136. Calculate the highest common factor of l and 60.
12
Let d be -8*(1 + 15/(-3)). Let r(l) = -3*l + 2. Let p be r(-2). What is the highest common divisor of d and p?
8
Suppose -2*v - 3*g + 18 + 27 = 0, 0 = v + 5*g - 40. Let n = 272 - 257. What is the greatest common divisor of n and v?
15
Let s(b) = -4*b + 5 + 0*b - 6 - 13. Let j be s(-4). Suppose q = -3*q + 8. What is the greatest common divisor of j and q?
2
Suppose -2*g + 101 = 2*k + k, 3*g = -4*k + 134. Let o be 47/5 - 14/k. Calculate the highest common divisor of o and 54.
9
Suppose 5*m = 4*i + 755, 0 = -2*i + 6 + 4. What is the highest common factor of m and 62?
31
Suppose -3*y = -y + 20. Let b be (-4)/y - 6086/(-85). Calculate the greatest common factor of b and 9.
9
Suppose 5*c = -5*y + 105, -14*c = -y - 9*c + 39. Calculate the highest common divisor of y and 21.
3
Let j(y) = -y + 12. Let w be j(9). Let l(o) = 0*o**3 - 3*o + 16*o**2 + 0*o**w - 6*o**2 - o**3. Let m be l(3). Calculate the highest common divisor of 36 and m.
18
Suppose 0 = 4*p - 12*p + 176. Suppose -34 + 32 = -l. Calculate the greatest common factor of p and l.
2
Let v(p) = -p**3 + 16*p**2 - 11*p - 41. Let y be v(15). What is the greatest common factor of y and 171?
19
Let g(a) = a**2 - 6*a - 35. Let h be g(10). Calculate the greatest common factor of h and 4.
1
Suppose -20*j + 24 = -16*j. Suppose 65 = 3*h - z, j*h + z = 2*h + 96. Calculate the greatest common factor of 253 and h.
23
Suppose 0 = 2*s - 243 - 217. Suppose 3*m + 3*l = -222, -3*m + 0*l - 228 = l. Let k = s + m. Calculate the highest common factor of 17 and k.
17
Let q(m) = 5*m**2 - 5*m + 11. Let g be q(9). Calculate the greatest common factor of g and 7.
7
Suppose 2*o = p + 1458, 4380 = -5*p - 3*o - 2871. Let m be p/(-14) + -3*6/(-63). Let r = 1 + 12. Calculate the highest common divisor of m and r.
13
Suppose -2*v - 3*q + 103 = -0*v, 2*v + 2*q - 106 = 0. Let i = 1 + v. Calculate the highest common divisor of i and 57.
57
Let o(p) = p**2 + p. Let b be o(-1). Suppose k = -b*k - 4, 2*x + k = 6. Suppose -x*w = -49 + 14. What is the greatest common divisor of 35 and w?
7
Suppose -2*a = 4*c - 0*c - 162, -a = -1. Let w be (-4)/16 - (-5)/4. Let h = w - -7. Calculate the highest common divisor of c and h.
8
Suppose 0 = -l - 0*l + 12. Let h = 17 - l. Suppose h*j = 2*n + 3 - 43, 0 = -2*n - 2*j + 54. Calculate the highest common divisor of n and 5.
5
Let v = -321 + 489. Suppose 0*u - 5*u + 120 = 0. What is the greatest common divisor of v and u?
24
Let l be (36/90)/((-26)/(-25) - 1). What is the greatest common factor of 190 and l?
10
Suppose 4*h - 13 - 5 = -3*s, 2*h - 3*s - 18 = 0. Let y(a) = a**3 - 5*a**2 - 3*a + 1. Let n be y(h). What is the highest common factor of 38 and n?
19
Suppose c = 5*p - 133, 4*c = 11 - 3. Suppose 23*b - p*b = -28. Calculate the greatest common divisor of b and 70.
7
Let z = 40 - 139. Let k = z + 105. Suppose 0*y = -3*y + 5*l + 13, 2*y + 4*l = 16. What is the greatest common factor of y and k?
6
Suppose 181*p - 173*p = 1176. Calculate the greatest common factor of p and 357.
21
Let o be (-184)/10*(-75)/30. Calculate the greatest common divisor of 1150 and o.
46
Let y = 39 - 45. Let z(h) = -h**3 - 4*h**2 + 9*h + 4. Let g be z(y). What is the greatest common divisor of 154 and g?
22
Let u(j) = -j - 4 + j + j. Let d be u(15). What is the highest common divisor of 88 and d?
11
Let z(p) = p**3 - 7*p**2 - 5*p - 13. Let u(i) = 7*i**2 + 4*i + 5. Let s be u(-1). Let v be z(s). Calculate the greatest common divisor of 77 and v.
11
Suppose -3*j + 17 - 460 = -2*c, 2*j + 1102 = 5*c. What is the highest common factor of 330 and c?
110
Let f = -182 + 184. Calculate the greatest common factor of 26 and f.
2
Let l(y) = 3*y**2 - 7*y + 18. Let d be l(3). Calculate the highest common factor of d and 8.
8
Let g = 114 - 111. Suppose 0*p + 2*p + 4*h = -18, 2*p + h + 3 = 0. Calculate the greatest common factor of p and g.
1
Suppose 0 = 15*s - 18*s. Suppose 5*w + 2*x = 37, -3*w + 4*x + 17 = -s*w. Calculate the greatest common factor of 7 and w.
7
Suppose -q = 2*q - 132. Let j be (39/(-6))/((-2)/q). Suppose -3*m + 208 = 13*m. What is the greatest common divisor of m and j?
13
Let o(s) = s**2 + 2*s + 43. Let u be o(-17). Let a = u + -144. What is the highest common divisor of a and 14?
14
Let p(u) = 991*u**2 + u. Let n be p(1). What is the greatest common factor of 32 and n?
32
Let h(s) = -6*s + 2. Let k be h(-5). Suppose -12 + 2 = -5*v. Suppose -v*q - 36 = -2*b + 3*q, -k = -2*b + 4*q. Calculate the highest common divisor of b and 1.
1
Let a(r) = r**3 + 20*r**2 - 19*r + 55. Suppose -2*o - 63 = o. Let d be a(o). Calculate the greatest common divisor of d and 169.
13
Suppose -3*f = k - 417, -8*f + 12*f + 4*k - 548 = 0. Calculate the highest common factor of 35 and f.
35
Let u = -20 + 12. Let h be (6/4)/((-6)/u). Let g(c) = -3*c**2 + 29*c + 11. Let r be g(10). Calculate the highest common divisor of h and r.
1
Suppose 4*n = 214 - 58. Let k be n/(-6) + (-4)/8. Let w = 11 - k. Calculate the greatest common factor of w and 126.
18
Suppose 3*v - 5*k - 32 = v, k + 16 = 2*v. Let n be 1 - (4 - v - 8). Suppose 5*h - 2*h + 1 = 4*s, -2*h = 3*s - 5. Calculate the highest common factor of s and n.
1
Let m = -23 + 99. What is the greatest common divisor of 133 and m?
19
Let a(s) = -562*s - 16. Let r be a(-1). Calculate the highest common divisor of 210 and r.
42
Let y(g) = -160*g - 100. Let l be y(-2). What is the highest common factor of l and 20?
20
Suppose 0 = 781*m - 785*m + 48. Calculate the greatest common divisor of m and 15.
3
Suppose -n = -c + 65, 2*n - 215 = -3*c + n. What is the greatest common divisor of c and 30?
10
Let n = 35 + 45. Let j be (-2 - 5)*8/(-8). Suppose -j*u - 3 + n = 0. Calculate the highest common factor of u and 44.
11
Let r be 32/(-12)*15/(-4). What is the greatest common factor of 4 and r?
2
Let b be 0 - -17 - (0 + (9 - 4)). What is the greatest common factor of 60 and b?
12
Suppose c - 4*k - 43 = 0, -c - 8*k + 52 = -3*k. Calculate the greatest common divisor of c and 47.
47
Let x(o) = o**2 - 41*o + 275. Let n be x(8). What is the greatest common divisor of n and 539?
11
Let f be (84/(-9) + 4/(-24))*-2. Calculate the highest common factor of 209 and f.
19
Let t = 2669 + -2616. What is the greatest common factor of t and 106?
53
Let y(g) = 27*g + 18. Let w be y(5). Suppose -45*j = -54*j + w. Calculate the highest common divisor of j and 136.
17
Let b be (1080/(-10))/18 - 2*-14. Let v(g) = g**2 + 3*g + 1. Let z be v(-5). Calculate the greatest common divisor of z and b.
11
Let r be (9/(-6))/(4/(-96)). Let p(w) be the first derivative of w**3/3 + w**2/2 - 2*w + 2. Let j be p(-3). What is the highest common divisor of j and r?
4
Let h be 66 - 3*(-1)/3. Let f = h - 53. Let x be 35/(-3)*(-5 + 2). Calculate the highest common divisor of f and x.
7
Let z be (663/12 - 8)/((-2)/(-8)). What is the highest common factor of 147 and z?
21
Let v = 28 + -23. Suppose v*u = 9*u + 280. Let b be (1008/u)/((-6)/20). What is the highest common divisor of 6 and b?
6
Let w(a) = -4*a**3 + 2*a**2 + a. Let f be w(-1). Suppose 0*d + 3*d - 5*q - 6 = 0, 0 = -d + 3*q + 2. What is the highest common divisor of f and d?
1
Let o(r) = r**2 + 13*r - 17. Let k = 8 - 24. Let y be o(k). What is the highest common divisor of 93 and y?
31
Suppose 6*v + 22 = j